7?
3, 137, 149, 3581
List the prime factors of 573845698.
2, 347, 826867
List the prime factors of 30045321.
3, 3338369
List the prime factors of 42081923.
13, 107, 30253
List the prime factors of 435672264.
2, 3, 31, 585581
What are the prime factors of 67870896?
2, 3, 137, 10321
List the prime factors of 387072870.
2, 3, 5, 1511, 8539
What are the prime factors of 119581960?
2, 5, 61, 49009
What are the prime factors of 219931612?
2, 19, 23, 47, 2677
What are the prime factors of 464190419?
7, 11, 37, 61, 2671
What are the prime factors of 46971847?
13, 47, 59, 1303
What are the prime factors of 231577255?
5, 7, 13, 508961
List the prime factors of 964162269.
3, 7, 2186309
What are the prime factors of 557405947?
7, 31, 41, 43, 47
What are the prime factors of 7059256512?
2, 3, 7, 11, 31, 73, 211
What are the prime factors of 35994878?
2, 17997439
What are the prime factors of 203903876?
2, 11, 38299
What are the prime factors of 714936008?
2, 89367001
List the prime factors of 140415957.
3, 11, 31, 101, 151
List the prime factors of 239061628.
2, 13, 59, 67, 1163
List the prime factors of 21171507.
3, 7, 139, 7253
What are the prime factors of 49638863?
49638863
What are the prime factors of 668555911?
491, 503, 2707
List the prime factors of 80767725.
3, 5, 1076903
List the prime factors of 1867846392.
2, 3, 2882479
What are the prime factors of 142735554?
2, 3, 13, 127, 1601
List the prime factors of 5709819.
3, 23, 83, 997
List the prime factors of 97437494.
2, 7, 11, 79, 8009
What are the prime factors of 720523126?
2, 37, 353, 27583
List the prime factors of 281695914.
2, 3, 5216591
What are the prime factors of 728291105?
5, 145658221
List the prime factors of 54704017.
54704017
What are the prime factors of 55719894?
2, 3, 19, 569, 859
What are the prime factors of 7212501?
3, 23, 34843
List the prime factors of 52149319.
17, 19, 161453
List the prime factors of 43387977.
3, 14462659
List the prime factors of 54863267.
17, 37, 87223
List the prime factors of 36168864.
2, 3, 376759
List the prime factors of 46049987.
46049987
List the prime factors of 49681802.
2, 24840901
List the prime factors of 45566195.
5, 643, 14173
What are the prime factors of 1511619319?
7, 215945617
What are the prime factors of 6685823397?
3, 11, 2843, 71263
What are the prime factors of 228638965?
5, 45727793
List the prime factors of 61068048.
2, 3, 191, 6661
List the prime factors of 15313919.
71, 215689
What are the prime factors of 82309498?
2, 1901, 21649
List the prime factors of 49570856.
2, 59, 105023
List the prime factors of 1064205.
3, 5, 7883
What are the prime factors of 33203210?
2, 5, 17, 11489
What are the prime factors of 5647229505?
3, 5, 41, 109, 28081
List the prime factors of 2583599359.
11, 10739, 21871
What are the prime factors of 57650555?
5, 83, 138917
What are the prime factors of 20435050?
2, 5, 408701
What are the prime factors of 1089690699?
3, 2447, 148439
List the prime factors of 135958841.
8623, 15767
What are the prime factors of 64346434?
2, 73, 137, 3217
List the prime factors of 115275062.
2, 7, 17, 79, 6131
List the prime factors of 93853842.
2, 3, 15642307
List the prime factors of 3476004781.
719, 4834499
List the prime factors of 1275964866.
2, 3, 11, 79, 27191
What are the prime factors of 3021805921?
47, 1879, 34217
What are the prime factors of 49795253?
23, 137, 15803
List the prime factors of 996511814.
2, 17, 29309171
List the prime factors of 2180899514.
2, 23, 1109, 42751
What are the prime factors of 3284072407?
7, 11, 41, 47, 22133
List the prime factors of 1117693729.
73, 367, 41719
List the prime factors of 1275182921.
1275182921
What are the prime factors of 1113607380?
2, 3, 5, 53, 350191
List the prime factors of 340367360.
2, 5, 43, 773
List the prime factors of 6797475825.
3, 5, 7, 12947573
List the prime factors of 24507594.
2, 3, 1361533
What are the prime factors of 37739715?
3, 5, 13, 103, 1879
List the prime factors of 5817449102.
2, 43, 661, 102337
What are the prime factors of 41107233?
3, 23, 127, 4691
What are the prime factors of 6294075?
3, 5, 83921
List the prime factors of 422966921.
13, 83, 391999
What are the prime factors of 2631330286?
2, 13, 101205011
What are the prime factors of 761462081?
23, 3851, 8597
List the prime factors of 146540518.
2, 6833, 10723
List the prime factors of 32368590.
2, 3, 5, 19, 23, 823
What are the prime factors of 428322540?
2, 3, 5, 1951, 3659
What are the prime factors of 1482577813?
223, 6648331
What are the prime factors of 66221366?
2, 73, 453571
List the prime factors of 4812685325.
5, 7, 167, 164677
List the prime factors of 293800286.
2, 13, 149, 181, 419
List the prime factors of 29656573.
37, 193, 4153
List the prime factors of 2479501998.
2, 3, 659, 209029
List the prime factors of 26022516.
2, 3, 13, 31, 5381
What are the prime factors of 519197228?
2, 11, 727, 16231
List the prime factors of 20127758.
2, 7, 1437697
What are the prime factors of 4270326992?
2, 3391, 78707
List the prime factors of 96744366.
2, 3, 31, 281, 617
List the prime factors of 612726333.
3, 204242111
List the prime factors of 2139152164.
2, 19, 28146739
What are the prime factors of 14383234?
2, 23, 312679
List the prime factors of 1095100379.
71, 15423949
What are the prime factors of 4388403103?
7, 17, 73, 72167
List the prime factors of 508402906.
2, 11, 23109223
List the prime factors of 104937077.
7, 31, 71, 139
List the prime factors of 744407561.
263, 571, 4957
What are the prime factors of 91863332?
2, 11, 821, 2543
What are the prime factors of 2745439043?
661, 4153463
What are the prime factors of 67914830?
2, 5, 17, 399499
What are the prime factors of 680820403?
17, 40048259
List the prime factors of 633405892.
2, 7, 22621639
List the prime factors of 19255247.
11, 31, 56467
What are the prime factors of 3102981673?
11, 31, 131, 69463
List the prime factors of 47407914.
2, 3, 607, 4339
List the prime factors of 981232308.
2, 3, 7, 43, 83, 1091
What are the prime factors of 14113076?
2, 23, 179, 857
What are the prime factors of 36969929?
457, 80897
List the prime factors of 12824341.
17, 754373
What are the prime factors of 7450947?
3, 7, 17, 773
List the prime factors of 5951222391.
3, 47, 79, 233, 2293
List the prime factors of 167312751.
3, 55770917
What are the prime factors of 96191639?
281, 342319
What are the prime factors of 91171815?
3, 5, 7, 59, 14717
List the prime factors of 837961152.
2, 3, 7, 89069
List the prime factors of 4771679635.
5, 28463, 33529
List the prime factors of 288178201.
23, 31, 404177
List the prime factors of 2613789998.
2, 2687, 486377
What are the prime factors of 494821250?
2, 5, 7, 11, 53, 97
What are the prime factors of 47805115?
5, 1163, 8221
List the prime factors of 150796305.
3, 5, 11, 353, 863
What are the prime factors of 228737874?
2, 3, 83, 459313
List the prime factors of 2067507653.
2067507653
What are the prime factors of 168045490?
2, 5, 37, 131, 3467
What are the prime factors of 418331374?
2, 209165687
List the prime factors of 238675114.
2, 9091, 13127
What are the prime factors of 73256950?
2, 5, 13, 43, 2621
List the prime factors of 83644176.
2, 3, 7, 11, 53, 61
What are the prime factors of 55904099?
19, 23, 6733
What are the prime factors of 1652778298?
2, 23, 283, 126961
What are the prime factors of 3748652054?
2, 7, 73, 89, 41213
What are the prime factors of 82961539?
82961539
What are the prime factors of 11856581?
11, 59, 18269
What are the prime factors of 168034336?
2, 137, 38329
What are the prime factors of 1165431847?
41, 227, 125221
List the prime factors of 137983024.
2, 8623939
What are the prime factors of 92722884?
2, 3, 7726907
List the prime factors of 113371216.
2, 7, 31, 32653
What are the prime factors of 48694653?
3, 7, 61, 12671
What are the prime factors of 706204192?
2, 22068881
What are the prime factors of 750711710?
2, 5, 7, 10724453
List the prime factors of 2215631149.
659, 3362111
What are the prime factors of 121539148?
2, 239, 127133
List the prime factors of 523939762.
2, 17, 15409993
What are the prime factors of 1512311212?
2, 37, 941, 10859
List the prime factors of 76032327.
3, 7, 41, 233, 379
What are the prime factors of 678689?
11, 71, 79
List the pri